rs of (48/(-8))/(-3 + (-205)/(-70))?
2, 3, 7
Let m be 24/2*6/(-8). Let c = -5 - m. Let q(i) = 6*i + 1. What are the prime factors of q(c)?
5
Suppose 0 = z - 18*l + 16*l - 5031, 2*l + 25179 = 5*z. What are the prime factors of z?
3, 23, 73
Suppose 3*g - 2*g = 0. Suppose -2*f + 4 = -g*f. Suppose z - 11 + f = 0. What are the prime factors of z?
3
Let p = 25 - 62. Let o = 41 + p. Suppose -2*u = -3*n - 99, u - o*n - 62 = -0*u. List the prime factors of u.
2, 3, 7
Let v(u) = u**2 - 5*u + 4. Let i be v(5). Let w(n) = 3*n**3 - 7*n**2 + n - 4. List the prime factors of w(i).
2, 5
Let f(t) = -12*t**3 - 2*t**2 - 2*t - 3. Suppose 2*j - 2*h - 1 = -13, -2*j = h. Let q be f(j). List the prime factors of (-2)/8 - q/(-4).
2, 11
Let j = 5 + -3. Suppose -j*f = -5*f + 9. Suppose 40 = f*h + h. What are the prime factors of h?
2, 5
Suppose -36 = -4*i - 4. Let g be -2 + 6*20/i. Let y = g - 10. List the prime factors of y.
3
Let y = -21 + 26. List the prime factors of y*(18/(-15) - -4).
2, 7
Let f(r) = r**3 - 14*r**2 + 12*r + 18. Let a be f(13). Suppose -5*u + 1400 = a*m, -m - 9 = -3*u + 811. What are the prime factors of u?
5, 11
Suppose -5*n + 6*n - 3 = 0. Suppose -9*w - n = -8*w. What are the prime factors of 37 + -1*(5 + w)?
5, 7
Let u be (1 - 4)/(4*(-1)/4). Suppose s = 2*l - 371, 2*l = u*s + 263 + 102. List the prime factors of l.
11, 17
Let u(f) be the second derivative of f**5/20 - f**4/2 + 3*f**3/2 - 4*f**2 - 2*f. Let p be u(7). Suppose -3*t - t = -p. What are the prime factors of t?
2, 13
Let f = 140 - 138. What are the prime factors of 1/2*-26*(1 - f)?
13
Suppose g = -4*h + 1286, 4*h + 0*h - 1278 = -5*g. List the prime factors of h.
2, 7, 23
Let w(g) = -3*g + 45. Let j be w(15). Suppose j = -4*n - 3*k + 1110, -k + 5*k - 1108 = -4*n. List the prime factors of n.
3, 31
Let u(z) = 22*z - 36. Let p be u(-4). Let k = 377 + p. List the prime factors of k.
11, 23
Suppose 87*x - 3705 = 68*x. List the prime factors of x.
3, 5, 13
Let r be 80/15*9/6. Let u = 26 - r. List the prime factors of u.
2, 3
Let x be -4*1*(-20)/20. Suppose -2*i = -5*l + 7 + 4, -5*l = x*i + 7. What are the prime factors of l + 4 + (-10)/(-1)?
3, 5
Let r(n) = n**3 - 7*n**2 - 12*n - 6. Let p = -21 - -30. What are the prime factors of r(p)?
2, 3
Let d(g) = -5*g + 58. Let x be d(11). Suppose -x*p = -4*j - 5*p + 580, -2*j - 2*p = -292. List the prime factors of j.
2, 3
Suppose 51*i - 226774 = -20*i. List the prime factors of i.
2, 1597
Let i = 14 - 8. Let j be 1 - i/(-2 + -1). Suppose b - j*b - 23 = -z, b - 26 = -z. What are the prime factors of z?
5
List the prime factors of (3 - (-26)/(-5))*-30.
2, 3, 11
Let s = 20 - 24. Let l be 1 + -2 + (s - -4). What are the prime factors of 835/15 - l/3?
2, 7
Let o(t) = 9*t + 2*t**2 + 12 + 4*t + 0*t**2. Let h = -57 - -49. What are the prime factors of o(h)?
2, 3
Let g(z) = 6 - 1 + 2*z - 2 - 2. Let y be g(2). Suppose 0 = -y*v + 167 + 18. What are the prime factors of v?
37
Let s(z) = -27*z**3 - 6*z**2 + 4*z + 33. What are the prime factors of s(-3)?
2, 3, 29
Suppose -4*m - 789 + 263 = -2*z, -3*z + 762 = 3*m. What are the prime factors of z?
257
Suppose -13271 - 4956 = -11*x. What are the prime factors of x?
1657
List the prime factors of 1*(3 + 163 + 0 - -3).
13
Let l = -45 + 48. Suppose 0 = l*g - 3*m - 45, -4*g - 3*m - 2*m + 60 = 0. What are the prime factors of g?
3, 5
Suppose -5*l = 2*q - 7*q - 150, 5*q + 10 = 0. What are the prime factors of l?
2, 7
List the prime factors of (-60)/(-24)*1270/25.
127
Let c be (24/(-20))/(2/(-5)). Let x = c + -1. What are the prime factors of x*1/(-4)*-10?
5
Let c(k) = -14*k**3 - 26*k**2 - 18*k - 11. Let f(j) = -5*j**3 - 9*j**2 - 6*j - 4. Let q(s) = 4*c(s) - 11*f(s). List the prime factors of q(-4).
2
Let w(n) = 18*n**2 + 6*n - 12. List the prime factors of w(-6).
2, 3, 5
Suppose 0 = f - 435 - 10. List the prime factors of f.
5, 89
Let c(w) = 4*w**3 - 14*w**2 + 16*w + 31. What are the prime factors of c(8)?
3, 19, 23
Let y(o) = 10*o**2 - o + 9. Let s be y(-5). Let n = -129 + s. List the prime factors of n.
3, 5
Suppose 5*l = 6*l - 181. Let s = l + -15. What are the prime factors of s?
2, 83
Suppose 4*w - 3*y = 7211, -2333 - 1274 = -2*w + y. List the prime factors of w.
5, 19
Let y = 208 + 282. List the prime factors of y.
2, 5, 7
Suppose 5*a = -4*h + 3353, 2*a - 1921 = 2*h - 569. List the prime factors of a.
673
Let a be 1/(((-15)/6)/(-5)). Suppose 0 = y - a*g - 73, 4*y - 4*g = -5*g + 256. List the prime factors of y.
5, 13
Let u(w) = 155*w**2 - 26*w - 14. List the prime factors of u(-3).
1459
Suppose -26*j + 70*j = 25344. List the prime factors of j.
2, 3
Let d = 40 - 64. Let i = -3 - d. Suppose -5*f = -211 + i. What are the prime factors of f?
2, 19
Let u = 89 + -16. Suppose -4*q + 379 = -4*h - u, 5*q - 549 = h. List the prime factors of q.
109
Let b(y) = 45*y**3 - 2*y**2 + 2*y - 3. Let i be b(2). Let t = -244 + i. What are the prime factors of t?
109
Suppose 7383 = 21*w - 18*w. What are the prime factors of w?
23, 107
Let a(y) = -3*y**2 + 9*y + 18. Let u be a(8). Let l = -72 - u. List the prime factors of l.
2, 3, 5
Let y(a) = 11*a**3 + 2*a**2 + 8*a - 3. Let k(u) = -10*u**3 - 2*u**2 - 7*u + 2. Let g(d) = 6*k(d) + 5*y(d). What are the prime factors of g(-2)?
3, 11
Let f = 5053 - 2241. List the prime factors of f.
2, 19, 37
List the prime factors of (144/(-15) - 4)/(1/(-30)).
2, 3, 17
Let b be 3/((5/(-3))/(-5)). Suppose 3*s - 6*s = -b. Suppose -8*r + 225 = -s*r. List the prime factors of r.
3, 5
Let b = -16 - -25. Suppose -b*x - 620 = -5*x. List the prime factors of x/(-3) - (-26)/(-39).
3, 17
Let o(d) = d**2 + 12*d + 12. Let f be o(-8). Let b = f - -30. Suppose 2*s - 24 = 3*w + w, b = 2*w. What are the prime factors of s?
2, 11
Let k = 90 + -67. Let w be (12/9)/((-3)/(-126)). Let x = w - k. What are the prime factors of x?
3, 11
Let d(f) = f**2 - 9*f + 3. Let q be d(9). What are the prime factors of (-31)/(9/q + -4)?
31
Let b(i) = 3*i**2 + 6*i + 2. Let r(g) = -g**2 - 6*g - 6. Let l be r(-4). Suppose -11 + 3 = l*y. What are the prime factors of b(y)?
2, 13
Suppose -171 - 157 = 2*x. Let a = -27 - x. List the prime factors of a.
137
Suppose 0 = -3*r + 2*v - 10, r + 0 = 5*v + 1. Let u be 5 + r + 14 + -3. List the prime factors of 81/u + 4/16.
7
Suppose -3*v - 3 = -9. Suppose v*p = 2, -2*j = p + 4*p - 69. What are the prime factors of j?
2
Suppose 0 = -7*k + 26*k - 36233. List the prime factors of k.
1907
Suppose o + 211 = 2*d, -4*d + 102 = -3*d + 3*o. Suppose 6*i + 84 = 4*b + i, 0 = -5*b - 5*i + d. Suppose -b - 31 = -2*t. What are the prime factors of t?
2, 13
Let i(j) = -15*j - 2. Let n be i(-2). Let x = 48 - 69. Let k = n - x. What are the prime factors of k?
7
Suppose -2*u - 3*u = 2*m + 55, -5*u = -5*m - 190. List the prime factors of (-819)/m*(-30)/(-9).
2, 3, 13
Suppose 3*q + 0*r = 2*r - 36, 4*r = -2*q - 8. Let f = q + 10. Suppose 3 = -n + 2*g + 20, f = -n - g + 32. List the prime factors of n.
3
Let a be (3/9)/((-2)/138). Let f = a + 11. What are the prime factors of (-3 + (-27)/f)*-24?
2, 3
Let h = 90 + -86. Let n = h + 124. What are the prime factors of n?
2
Suppose 5*h = -2*i - 208, 5*i - 5*h + 154 + 296 = 0. Let l = i - -170. What are the prime factors of l?
2, 19
Suppose 0 = -4*c - 3*f + 119, 0 = -2*c + c + 5*f + 47. Let s = -20 + c. Suppose 20 = 4*v - s. What are the prime factors of v?
2
Let j be 1277/(-3) - (-3)/(-9). List the prime factors of (32/(-48))/(4/j).
71
Suppose -59*k + 57*k + 1128 = 0. What are the prime factors of k?
2, 3, 47
Let c(z) = z**3 - 2*z**2 - 4. Let s be c(3). Suppose 0 = s*d - 0*d - 4*i - 2, 4*d = 2*i + 4. Let l(g) = 14*g. List the prime factors of l(d).
2, 7
Let i = 24 - -68. List the prime factors of i.
2, 23
Let k(r) = -2*r - 6. Let j be k(-8). Suppose -4*i + j = -10. Suppose -i*v = -40 - 25. What are the prime factors of v?
13
What are the prime factors of (-451 - -11)*((-6)/(-5) + -2)?
2, 11
Let x(s) = -2*s + 5. Let m(a) = a - 2. Let c(g) = -11*m(g) - 4*x(g). Suppose -8 = h + 4. What are the prime factors of c(h)?
2, 19
Suppose 300 = -2*i - 3*a + 954, a = -5*i + 1609. What are the prime factors of i?
3, 107
Let y(b) = b**3 + 14*b**2 - 16*b + 3. Let h be 5/(-20) + (-27)/(-12). Suppose k + 76 = -3*k - 4*z, -3*z - 42 = h*k. List the prime factors of y(k).
2, 3
Let a = -65 - -365. Lis